{"id":117,"date":"2021-12-20T14:19:23","date_gmt":"2021-12-20T14:19:23","guid":{"rendered":"https:\/\/xml-io.proteusthemes.com\/beauty\/?page_id=117"},"modified":"2021-12-21T09:23:02","modified_gmt":"2021-12-21T09:23:02","slug":"acupunctuur","status":"publish","type":"page","link":"https:\/\/miekevlamynck.be\/index.php\/our-services\/acupunctuur\/","title":{"rendered":"Acupunctuur"},"content":{"rendered":"<div id=\"pl-117\"  class=\"panel-layout\" ><div id=\"pg-117-0\"  class=\"panel-grid panel-no-style\" ><div id=\"pgc-117-0-0\"  class=\"panel-grid-cell panel-grid-cell-empty\" ><\/div><div id=\"pgc-117-0-1\"  class=\"panel-grid-cell\" ><div id=\"panel-117-0-1-0\" class=\"so-panel widget widget_sow-editor panel-first-child panel-last-child\" data-index=\"0\" ><div\n\t\t\t\n\t\t\tclass=\"so-widget-sow-editor so-widget-sow-editor-base\"\n\t\t\t\n\t\t>\n<div class=\"siteorigin-widget-tinymce textwidget\">\n\t<h3>Wat is acupunctuur?<\/h3>\n<div>\n<h4>Medische acupunctuur<\/h4>\n<p>Acupunctuur is ontstaan in het oude China, vanuit de Tao\u00efstische inzichten dat alles in relatie tot elkaar bestaat, en dat het streven naar evenwicht en harmonie tot geluk en gezondheid leidt. De opeenvolging van de seizoenen en de veranderingen die de aarde daarbij ondergaat, is \u00e9\u00e9n van de belangrijkste pijlers van het Tao\u00efsme. Dit is ook de manier waarop acupuncturisten naar gezondheid kijken. Het lichaam ondergaat tijdens het leven processen van verandering, waarbij ook pijn en ziekte kunnen optreden.<\/p>\n<p>Door het gericht aanbrengen van dunne naaldjes streeft de acupuncturist ernaar om pijn te verlichten en het evenwicht in uw lichaam te herstellen, en zo de levenscyclus terug in betere banen te leiden. Deze behandeling kan individueel sterk verschillen. Zo kan men bijvoorbeeld hoofdpijn hebben door een slecht functionerende spijsvertering, door stress of door vermoeidheid. Doordat er verschillende oorzaken zijn, zullen er verschillende behandelingen zijn. De acupuncturist zal niet alleen de symptomen, maar ook de oorzaak van het probleem behandelen. Dit is het grootste onderscheid met westerse geneeskunde, die er eerder op gericht is de symptomen te behandelen.<\/p>\n<p>Medische acupunctuur integreert de oosterse inzichten van Yin en Yang in een wetenschappelijk onderbouwde manier van werken. Yin en Yang zijn tegengesteld aan elkaar, maar staan ook in relatie tot elkaar, zoals de nacht en de dag, de winter en de zomer. Ook in het menselijk lichaam staat alles steeds in relatie tot elkaar, waarbij men de materie of de anatomie (bot, organen, spieren, huid\u2026) Yin \u00a0kan noemen en de fysiologie (beweging, bloedcirculatie, zenuwgeleiding, spijsvertering, verwarmende processen,\u2026) Yang.<\/p>\n<p>Medische acupunctuur kan een alleenstaande behandeling zijn, maar is soms ook in wisselwerking met de reguliere geneeskunde, bewegingstherapie, psychologische ondersteuning of gericht voedingsadvies. Overleg met uw huisarts of behandelende therapeut is dus steeds mogelijk.<\/p>\n<p>&nbsp;<\/p>\n<h4><strong>Indicaties voor medische acupunctuur<\/strong><\/h4>\n<p><em>Musculoskeletale klachten<\/em><\/p>\n<ul>\n<li>sportletsels<\/li>\n<li>pijn door overbelasting van het bewegingsstelsel<\/li>\n<li>postoperatieve pijn<\/li>\n<\/ul>\n<p><em>Hoofdpijn <\/em><\/p>\n<ul>\n<li>spanningshoofdpijn<\/li>\n<li>migraine<\/li>\n<\/ul>\n<p><em>Duizeligheid en tinnitus<\/em><\/p>\n<p><em>Gastro-intestinale verstoringen (maag-darmstelsel)<\/em><\/p>\n<ul>\n<li>diarree en constipatie<\/li>\n<li>maagpijn en reflux<\/li>\n<li>winderigheid<\/li>\n<\/ul>\n<p>&nbsp;<\/p>\n<p><em>Respiratoire klachten<\/em><\/p>\n<ul>\n<li>astma<\/li>\n<li>hoest en slijmvorming<\/li>\n<\/ul>\n<p><em>Psychische, psychosomatische en emotionele klachten<\/em><\/p>\n<ul>\n<li>hyperventilatie<\/li>\n<\/ul>\n<ul>\n<li>slaapstoornissen<\/li>\n<li>stress<\/li>\n<li>depressie<\/li>\n<li>burn-out<\/li>\n<li>ondersteuning bij het afkicken van drugsverslaving<\/li>\n<li>post-traumatische stress-stoornis (PTSS)<\/li>\n<\/ul>\n<p><em>Gynaecologische problematiek<\/em><\/p>\n<ul>\n<li>pijnlijke maandstonden (dysmenorree)<\/li>\n<li>infertiliteit<\/li>\n<li>menopauze<\/li>\n<\/ul>\n<p><em>Oncologie (steeds in overleg met de behandelende arts)<\/em><\/p>\n<ul>\n<li>hulp bij bijwerking van en ondersteuning tijdens het proces van chemotherapie (misselijkheid, neuropathische pijn, vermoeidheid).<\/li>\n<\/ul>\n<p><em>Neurologie<\/em><\/p>\n<ul>\n<li>herstel na beroerte<\/li>\n<li>ondersteuning en symptoombestrijding bij M.S. en de Ziekte van Parkinson<\/li>\n<li>facialisparese (gezichtsverlamming)<\/li>\n<\/ul>\n<h4>Dry needling<\/h4>\n<p>Dry needling of \u2018het prikken zonder vloeistof\u2019 is \u00e9\u00e9n van de vele priktechnieken binnen de acupunctuur. Dit wordt myofasciale acupunctuur genoemd. Deze techniek wordt gebruikt voor de behandeling van pijn, veroorzaakt door problemen in het spierweefsel en het omliggende bindweefsel. We noemen dit myofasciale pijn. Deze pijn is soms moeilijk door de pati\u00ebnt te lokaliseren of te omschrijven, en kan zowel in rust als bij beweging optreden.<\/p>\n<p>Met Dry needling worden Trigger Points in de spieren behandeld. Deze Trigger Points worden met een acupunctuurnaald aangeprikt, tot er een korte samentrekking van de spier optreedt. Daarna kan de spier zich ontspannen en wordt de lokale bloedcirculatie gestimuleerd, wat voor een snelle pijndemping zorgt. Soms wordt elektrotherapie op de naaldjes toegepast, wat zeer ontspannend werkt. Contra-indicaties voor elektrotherapie zijn de aanwezigheid van een pacemaker, een neurostimulator, of wanneer de pati\u00ebnt hartklachten heeft of aan epilepsie lijdt. Tijdens de zwangerschap wordt in de bekkenregio geen elektrotherapie toegepast, ook mogen tijdens deze periode op verschillende plaatsen op het lichaam geen naalden geplaatst worden.<\/p>\n<p>Trigger Points kunnen de oorzaak zijn van heel wat pijnklachten (bv. tenniselleboog, acute lage rugpijn, kaakgewrichtsproblemen,\u2026) en kunnen in elke bewegingsspier van het lichaam voorkomen. Trigger Points hebben zelden een primaire oorzaak, maar treden vaak op als gevolg van interne verstoringen in het lichaam, waardoor het lichaam zelf niet meer in staat is om het evenwicht tussen spanning en ontspanning te herstellen. Dit ziet men vaak bij chronische rugpijn, nek- en hoofdpijn, of bij steeds terugkerende klachten, zelfs na verschillende andere therapeutische acties.<\/p>\n<p>Bij de toepassing van dry needling binnen een acupunctuurbehandeling worden niet alleen de Trigger Points aangeprikt, maar wordt ook de onderliggende oorzaak aangepakt. De energetisch-fysische balans moet ook hersteld worden, zodat er beter en langduriger resultaat bereikt wordt.<\/p>\n<p>&nbsp;<\/p>\n<p><em><u>Belangrijke informatie:<\/u><\/em><\/p>\n<p><em>Tegenwoordig wordt Dry needling vaak door therapeuten (niet-acupuncturisten, die soms maar enkele dagen opleiding genoten hebben) vereenvoudigd tot een eerder korte en heftige manier van prikken, die vaak zeer pijnlijk kan zijn, en waarbij ze zich alleen tot de pijnregio beperken. Deze aanpak is echter niet zonder risico\u2019s, waardoor een letsels kunnen ontstaan, of waardoor de pati\u00ebnt zich na de behandeling onwel kan voelen. Een erkend acupuncturist heeft een gedegen driejarige opleiding genoten om veilig met naalden te kunnen werken.<\/em><\/p>\n<p><em>\u00a0<\/em><\/p>\n<p>&nbsp;<\/p>\n<h4>Chi Nei Tsang - orgaanmassage<\/h4>\n<p>Dit is een zachte vorm van buikmassage met een grote invloed op de interne organen. Deze massage werkt zowel ontspannend, ontgiftend als reactiverend. Het zelf-herstellend vermogen van het lichaam wordt erdoor gestimuleerd. Chi Nei Tsang is bovendien een ideale voorbereiding op een ontgiftingskuur (bijvoorbeeld Mayr-kuur), of tijdens een vermageringskuur.<\/p>\n<\/div>\n<\/div>\n<\/div><\/div><\/div><\/div><div id=\"pg-117-1\"  class=\"panel-grid panel-no-style\" ><div id=\"pgc-117-1-0\"  class=\"panel-grid-cell panel-grid-cell-empty\" ><\/div><div id=\"pgc-117-1-1\"  class=\"panel-grid-cell\" ><div id=\"panel-117-1-1-0\" class=\"so-panel widget widget_sow-editor panel-first-child panel-last-child\" data-index=\"1\" ><div\n\t\t\t\n\t\t\tclass=\"so-widget-sow-editor so-widget-sow-editor-base\"\n\t\t\t\n\t\t>\n<div class=\"siteorigin-widget-tinymce textwidget\">\n\t<h4>Acupunctuur bij kinderen: Shonishin<\/h4>\n<p>Bij kinderen tot tien jaar worden meestal geen naaldjes geplaatst. Shonishin is een Japanse, pijnloze vorm van acupunctuur, waarbij massage- en tiktechnieken op de acupunctuurpunten worden toegepast. Kinderen en baby\u2019s ervaren dit als ontspannend en verdragen dit zeer goed.<\/p>\n<p>Daar kinderen nog in volle groei zijn, wordt deze behandeling steeds gecombineerd met zachte <u>osteopathie<\/u>. Tijdens de groeifasen is het vaak nodig om blokkades in de wervelkolom mee te behandelen en zo de locomotorische functies de herstellen.<\/p>\n<p><strong>Indicaties voor Shonishin <\/strong><\/p>\n<ul>\n<li>Spijsverteringsklachten (reflux, diarree, constipatie,\u2026)<\/li>\n<li>Ademhalingsproblemen (astma, hyperventilatie)<\/li>\n<li>Huidproblemen: eczeem<\/li>\n<li>Allergie<\/li>\n<li>Bedplassen<\/li>\n<li>Ondersteuning bij ADHD \u2013 ASS<\/li>\n<li>Ondersteuning van de immuniteit<\/li>\n<li>Emotionele verstoring\/stress-tics<\/li>\n<li>Slaapstoornissen\/nachtmerries<\/li>\n<\/ul>\n<\/div>\n<\/div><\/div><\/div><\/div><\/div>","protected":false},"excerpt":{"rendered":"<p>Acupunctuur is ontstaan in het oude China, vanuit de Tao\u00efstische inzichten dat alles in relatie tot elkaar bestaat, en dat het streven naar evenwicht &#8230; <\/p>\n","protected":false},"author":1,"featured_media":1180,"parent":14,"menu_order":0,"comment_status":"closed","ping_status":"closed","template":"","meta":{"_acf_changed":false,"footnotes":""},"class_list":["post-117","page","type-page","status-publish","has-post-thumbnail","hentry"],"acf":[],"_links":{"self":[{"href":"https:\/\/miekevlamynck.be\/index.php\/wp-json\/wp\/v2\/pages\/117","targetHints":{"allow":["GET"]}}],"collection":[{"href":"https:\/\/miekevlamynck.be\/index.php\/wp-json\/wp\/v2\/pages"}],"about":[{"href":"https:\/\/miekevlamynck.be\/index.php\/wp-json\/wp\/v2\/types\/page"}],"author":[{"embeddable":true,"href":"https:\/\/miekevlamynck.be\/index.php\/wp-json\/wp\/v2\/users\/1"}],"replies":[{"embeddable":true,"href":"https:\/\/miekevlamynck.be\/index.php\/wp-json\/wp\/v2\/comments?post=117"}],"version-history":[{"count":23,"href":"https:\/\/miekevlamynck.be\/index.php\/wp-json\/wp\/v2\/pages\/117\/revisions"}],"predecessor-version":[{"id":1182,"href":"https:\/\/miekevlamynck.be\/index.php\/wp-json\/wp\/v2\/pages\/117\/revisions\/1182"}],"up":[{"embeddable":true,"href":"https:\/\/miekevlamynck.be\/index.php\/wp-json\/wp\/v2\/pages\/14"}],"wp:featuredmedia":[{"embeddable":true,"href":"https:\/\/miekevlamynck.be\/index.php\/wp-json\/wp\/v2\/media\/1180"}],"wp:attachment":[{"href":"https:\/\/miekevlamynck.be\/index.php\/wp-json\/wp\/v2\/media?parent=117"}],"curies":[{"name":"wp","href":"https:\/\/api.w.org\/{rel}","templated":true}]}}